- -3) + (-3 - (3 + -3))
0
3 + (-14 - (-4 - 0))
-7
What is the value of 0 + (-2 - -4) + 4 + 0?
6
-4 + (11 + -10 - -5)
2
5 + -1 + -5 + 2
1
Evaluate -7 + 11 + -2 - (-1 + 0).
3
What is the value of 3 + (6 - 15) - -7?
1
2 + 0 + (1 + 12 - 18)
-3
Evaluate 0 + (1 - 6 - -19 - 8).
6
Evaluate 6 + 0 + (-3 - 0 - 1).
2
Evaluate (-5 + -3 - -15) + (1 - 2).
6
(-5 + 0 - (15 - 10)) + 2
-8
What is the value of -1 + -2 + -2 + 4?
-1
What is the value of -3 + 1 + (3 + -7 - -4)?
-2
Calculate 7 - (-2 - -5 - 1).
5
Evaluate (1 - -4) + (-2 - (-1 + 4)).
0
What is the value of 8 + (0 + -4 - 6)?
-2
Evaluate (7 - -1) + 0 - (-23 - -23).
8
14 - (17 + -10 - -1)
6
What is the value of 1 + -2 + 0 + (-6 - -11)?
4
What is -185 + 181 + 6 + (-2 - -1)?
1
Evaluate (-2 - -5) + -3 + 5 + -8.
-3
2 + -5 + (10 + -7 - -2)
2
Calculate 9 + -4 + 0 - 11.
-6
What is the value of -46 - -44 - (-1 - -2 - -2)?
-5
2 - (2 - -5) - (-18 + 6)
7
What is -4 + (-4 + 3 + 3 - -5)?
3
-3 - 2 - 1 - 1
-7
What is (-16 - -9) + (9 - (2 + -3))?
3
1 + 2 + (-3 - 3)
-3
Calculate -1 + (-9 - (-5 + 0)).
-5
What is -1 + -2 + 2 + -2?
-3
-6 - ((-9 - -4) + 2 + 4)
-7
57 - 58 - (7 - 0)
-8
What is the value of 1 - 0 - 5 - (1 + -6)?
1
Evaluate -6 - (5 + 0 - (17 - 4)).
2
Calculate -1 - -2 - (-2 + -17 + 25).
-5
-4 + (-4 - (4 + (-10 - -1)))
-3
Calculate (14 - -1) + -14 + 2.
3
(7 - 4 - 12) + 14
5
What is 3 + 1 + -21 + 21?
4
13 + -4 + -8 + -10
-9
What is -2 - (1 + 1 + 1)?
-5
Evaluate -6 + 6 - (-3 - 2).
5
What is 1 + -3 - (0 - 2)?
0
What is -3 + -1 + 2 + -2 + -1?
-5
Calculate (-4 - -4) + 3 + 0.
3
(-202 - -208) + (-16 - -1)
-9
Evaluate -3 + 2 + -13 - -16.
2
(1 - (0 + -5)) + -3 + 2
5
Evaluate -1 + (-3 + 10 - 11) + 6.
1
Calculate 6 - (-2 + 6 + (-1 - 2)).
5
(6 - (0 + 10)) + (1 - 1)
-4
Calculate (-1 - (8 + -6 + 0)) + -1.
-4
(-2 - -1) + (-18 - -5 - -7)
-7
What is the value of -2 + 0 + -4 - -5?
-1
What is the value of -10 + 4 - -9 - (1 - 2)?
4
Evaluate -3 - (6 - 13) - (10 + -2).
-4
-9 + -1 - (-10 - -6)
-6
(-1 - (0 + 0)) + (122 - 123)
-2
What is the value of (0 - -1 - 1) + 2 - 5?
-3
What is 5 - (2 + (1 - 3)) - 1?
4
Evaluate 1 + 5 + -4 - (-3 + 7).
-2
Evaluate (11 + 1 - -1) + (-452 - -443).
4
What is the value of (-3 - (1 - (6 + -3))) + 0?
-1
What is the value of 5 + 3 + -5 + -10 + 5?
-2
What is (-1 - -4) + 1 + -4?
0
Calculate 3 + -2 - (-3 - -1).
3
What is -10 + 8 + 2 + -6?
-6
(4 - (-4 - (-6 - -2))) + -6
-2
What is the value of -4 - (0 - 4) - -5?
5
What is -2 + 0 + -3 - (3 + -3)?
-5
-4 + 5 + (2 - 6)
-3
What is the value of (-4 - 0) + 9 + 4 + -5?
4
What is the value of 0 - ((3 - 5) + -2)?
4
Evaluate -6 - -2 - (-9 - -9).
-4
What is the value of -3 + 5 + -2 - 5?
-5
Evaluate -4 - 2 - (13 + -19).
0
-4 + (10 - 2) + -11
-7
-3 - 0 - -3 - 1 - 0
-1
-1 - (-2 - (3 - 3)) - -1
2
What is -3 - -8 - (1 - 1)?
5
Calculate 0 + -4 - (-1 - 6).
3
What is the value of 50 - 41 - (3 - 0)?
6
(-3 + 3 - (-4 + 2)) + 3
5
Calculate 8 + -11 + 0 - (-5 - 1).
3
6 - 4 - (3 + 1)
-2
Evaluate (4 - (-3 - -1)) + (-1 - 1).
4
Evaluate 8 - 2 - 6 - (-3 - -8).
-5
What is 6 + (-1 - 3 - -1)?
3
-17 + 8 - (-4 + -2)
-3
Calculate (-9 - -6 - (0 + 1)) + 3.
-1
What is the value of 30 + -30 - (-1 - -1)?
0
Calculate 7 - (8 - (8 + -4)).
3
Calculate 0 - (-4 - (-4 - -3)).
3
What is -6 + (12 - -7) + -11?
2
Evaluate (0 - 2) + -3 - (12 - 14).
-3
Calculate (6 - 5) + 0 + -1 - 1.
-1
(1 - 1) + -3 + (-2 - -4)
-1
Calculate -3 + (-4 + 4 - 0 - -2).
-1
Calculate -5 + (5 - -3) + 0.
3
What is the value of (-18 - -11) + -1 + 8?
0
What is (2 - (1 + 0)) + 0?
1
Calculate -5 + -1 - (3 - 13).
4
Evaluate 4 - ((-2 - -2) + (28 - 31)).
7
(-17 - -17) + (2 - 5)
-3
(-4 - (2 - 3)) + -1 + 1
-3
-1 + -2 - ((-4 - -7) + -6)
0
Calculate -2 + (1 - 2 - (-3 + 1)).
-1
What is the value of -10 + -2 + 11 + (3 - 2)?
0
Evaluate 1 - -3 - 9 - -6.
1
What is the value of -4 - 5 - -5 - -3?
-1
0 + -4 + 9 + -7
-2
Calculate -3 + (-2 - 2) + 3.
-4
What is -5 + -5 - (-5 + -1)?
-4
Evaluate -3 + (-1 - (5 - 13)).
4
What is (3 - 4) + (-7 - -6)?
-2
What is 10 + (-3 - (1 - 0)) - 15?
-9
What is 5 - 9 - (1 + -9)?
4
0 + 2 + (1 - 5)
-2
(-6 - -6) + (-4 - 1)
-5
Calculate -4 + -3 + (0 - -8).
1
-3 + 6 + (1 - (-3 - -8))
-1
(0 - 0) + (6 - 2)
4
Calculate 0 + -18 + 6 + 0 - -5.
-7
What is the value of -1 - (4 - (1 + 4))?
0
Evaluate 4 + -2 - (4 + (2 - 2)).
-2
What is 8 - (-2 + 5 + -5 + 8)?
2
Calculate -13 + (0 - 8) + 15 + -3.
-9
What is the value of -6 + 3 - (-4 - -8 - 11)?
4
What is the value of -3 + -1 + -6 + 0 + 3?
-7
-11 - -4 - (-10 - -1)
2
Evaluate -6 + 5 + 4 - (2 - -5).
-4
Evaluate 3 - 0 - -9 - 8.
4
Evaluate 21 + -26 - (-8 - 1).
4
What is -4 + (-1 - -7) + 0 + 3?
5
Evaluate 2 + -4 + 1 + -4.
-5
What is the value of 14 - 18 - (2 - 8)?
2
(-5 - (-4 + -2)) + -8
-7
What is the value of 1 + (-3 - -2) + (-7 - -2)?
-5
-2 + 2 + -8 + 0 + 6
-2
Evaluate -3 + 4 + -8 - -6.
-1
(8 - 5 - 7) + 6 - 9
-7
1 - 2 - 5 - -2
-4
0 - 1 - (-1 - (-6 - -9))
3
(-28 - -26) + -3 + 1
-4
(-2 - -2) + -1 + -11 + 7
-5
Calculate -4 - -14 - (7 + -1).
4
Calculate -5 + (0 - (-3 + 0)).
-2
(-2 - -6) + -15 + 10
-1
Evaluate 3 + (-5 + 9 + -10 - 2).
-5
Calculate 4 + (-1 - 4) - -2.
1
(-2 + -2 + 4 - -4) + -5
-1
Calculate -26 + 28 + 1 + (-1 - 2).
0
What is 0 + (1 - 2) - (3 - 1)?
-3
What is the value of 1 + 2 + -10 - -3 - 2?
-6
What is (-13 - -12 - (-2 - -7)) + 5?
-1
What is the value of (-9 - (5 - 8)) + 13?
7
What is 10 - (3 + 10 + -6)?
3
Evaluate -8 + (-8 - (-27 - -9)).
2
Evaluate (1 - -1) + (0 - 2).
0
Calculate (2 - 4) + -4 + (1 - 1).
-6
Calculate 8 + 5 + -10 + -5.
-2
What is -5 - ((3 - 7) + 7 + -3)?
-5
What is the value of 5 - 9 - ((-2 - 1) + 0)?
-1
What is -2 + 0 + 5 - 6?
-3
Evaluate 2 + -2 - (24 + -23).
-1
What is the value of -5 + (0 - -5) - 1?
-1
Evaluate 1 + -3 + 1 + (-6 - -5).
-2
What is the value of (13 - -5 - 10) + -7?
1
-10 + 2 + (-4 - -12)
0
Evaluate (6 - -4) + -5 + -4.
1
Evaluate 0 + (1 + (5 - 13) - -3).
-4
12 + -9 - (3 + 6)
-6
What is the value of -2 + (4 - 6) + 0?
-4
Calculate 1 + (1 - 5) - (3 - 1).
-5
What is (-1 + 4 - 5) + 1?
-1
What is (-5 + 7 - 2) + -2 + 1?
-1
What is the value of 0 - (3 + -6 - -1)?
2
0 - 4 - (-3 - -16 - 12)
-5
Calculate 0 - (5 - 0) - -9.
4
Calculate 0 + 10 + -61 + 57.
6
Calculate -54 - -44 - (-2 + -2).
-6
Evaluate 8 + -5 - (9 - 3).
-3
Calculate (-3 - (-3 - -13)) + 8.
-5
(-2 - -2) + (15 - 17)
-2
Calculate (-4 + 12 - 6) + 12 + -12.
2
Evaluate (9 - 0) + -4 + -2 + 0.
3
What is the value of -13 - (-11 - (-2 - 4))?
-8
(10 - -1) + -7 + 8 + -5
7
Evaluate (-3 - (1 - 0)) + (-2 - -2).
-4
What is the value of -1 - -2 - (4 + -1 + 1)?
-3
Evaluate (-4 + 7 + -1 - 9) + 0.
-7
-4 - ((-2 - -2) + 4 + -3)
-5
4 + 1 + (-5 - -5) - 1
4
Calculate (-22 + 6 - -10) + 9 + -2.
1
-1 - (-1 - (-7 + 5))
-2
What is the value of (-5 - 2) + 3 - 3?
-7
Calculate 4 + -10 - (-5 + 6).
-7
What is 7 + -10 + 3 + -4?
-4
(5 - 7) + 13 - (4 - 2)
9
Evaluate 0 - (0 - (-4 + 0 - 0)).
-4
What is (-2 - -6) + (-4 - 4)?
-4
Evaluate (-6 - 6) + 14 + 7 + -2.
7
What is -8 - (-3 - -3) - (3 + -17)?
6
Evaluate -3 - (-4 + 0 - (-6 + 6)).
1
85 + -79 - (1 + 3)
2
-10 + 6 + 2 + -7 + 7
-2
What is the value of 7 + -10 + (4 - -1)?
2
What is the value of -5 - 0 - (28 - 27) - -7?
1
Calculate -5 + (3 - 1) + 8 + -7.
-2
-3 + (9 - (7 + -2))
1
6 - (6 + 1) - 2
-3
What is -1 + (3 - 0) + 3 + -5?
0
What is (0 - (1 - (4 + -2))) + 2?
3
Calculate 2 + -2 - (7 + -15 + 15).
-7
What is the value of 1 + (-9 - -11) - (-2 - 0)?
5
Evaluate 4 - (9 + -1 + 0).
-4
Evaluate (0 - -4) + 1 - 3.
2
Calculate 5 + (-8 - -12) + (-5 - -1).
5
Calculate -3 - -2 - -5 - -1.
5
Calculate 1 + (3 - (-5 + 5)) - -1.
5
Calculate 37 + -31 + -1 + -9.
-4
6 - ((3 - 1 - 4) + 5)
3
What is the value of 8 - 0 - (9 - 2 - 3)?
4
What is -8 - (6 + (-9 - 1))?
-4
Calculate 16 + -6 + 1 + 1 + -6.
6
Calculate -2 + 6 + (1 - 0).
5
Calculate 3 + -4 + 0 + 4.
3
Calculate -3 - -7 - 7 - 3.
-6
Evaluate (2 - -4 - -1) + -10.
-3
Evaluate -1 - -7 - (-319 - -318).
7
Calculate (0 - -4) + -11 - -5 - -6.
4
What is the value of -9 - (-8 + (7 - 3))?
-5
Calculate -4 - (0 + 6 + -58 + 52).
-4
Evaluate 0 - (-7 + 0 + (5 - 2)).
4
Calculate 3 - (3 + -1) - 0.
1
3 + -2 - (5 - 2)
-2
(9 - 9) + -11 + 4
-7
Calculate -13 + 15 - (0 + (-1 - -3)).
0
What is (9 - 2) + -2 + -1 + -1?
3
What is (7 + -7 - (1 - -3)) + 6?
2
-1 + -2 + 3 - -5
5
What is the value of (-1 - (2 - 1)) + -13 + 8?
-7
What is -15 + -5 + 10 + (1 - -1)?
-8
0 + (-2 - (2 + -3 - -2))
-3
Evalua